2
Suppose 0 = -5*o + 2*i - 35, i + 3*i - 35 = 3*o. Let x = 5 + o. Let g(s) = s**2 - 11. Calculate g(x).
-11
Let r(y) = y**2 - 8*y + 4. Let p be r(6). Let a(c) = -7*c - 17. Let d(h) = 15*h + 36. Let q(f) = -13*a(f) - 6*d(f). Determine q(p).
-3
Suppose -6*y + 11 - 17 = 0. Let v(w) = -10*w - 1. Give v(y).
9
Let g(h) = 2*h + 9. Suppose 3*x = -q + 3, 13 = -5*q - 3*x - 8. What is g(q)?
-3
Let u(r) be the second derivative of 0 - 15/2*r**2 + 1/6*r**3 - 17*r. Suppose -m - 8 = -t, 0 = 2*t - 3*t - 5*m + 2. Calculate u(t).
-8
Let x(n) = -n**3 + n + 1. Let d be 45/4 - (-6)/8. Let g(s) = -d*s**3 - s**2 + 7 + 8*s**3 - 3 + 2*s**2 + 3*s. Let b(w) = 2*g(w) - 7*x(w). What is b(2)?
-1
Suppose -9 = 6*h - 27. Suppose -b = -2*b - h. Let p(o) = 5*o**2 - 5*o + 2. Let g(r) = -9*r**2 + 10*r - 3. Let d(s) = -6*g(s) - 11*p(s). Calculate d(b).
2
Let t(x) = x. Let b(f) = -16*f. Let j(h) = 6*b(h) + 88*t(h). Determine j(-1).
8
Let v(j) = -4*j - 1. Suppose 0 = 3*m + 3*p - 27, 3*p = -m - 4 + 15. Suppose 0 = -4*g - 0*g. Suppose -4*k - 2*z = -m, g = 3*z - z - 4. What is v(k)?
-5
Let y(x) = 13*x**3 - x**2. Let u(q) = -q**3 + 3*q**2 + q - 4. Let b be u(3). Determine y(b).
-14
Let o be (-6)/(2/(4/3)). Let g(t) be the second derivative of t**5/20 + t**4/4 - 5*t**3/6 + t**2 + 2*t - 20. What is g(o)?
6
Let n(z) = -z + 8. Let j be n(6). Let v(d) be the second derivative of -d**5/20 + d**4/12 - d**3/6 - d**2 + d. Give v(j).
-8
Let d(x) = -9*x**2 - 8*x + 3. Let m(t) = 3*t**2 + 3*t + 1. Let z(v) = v**2 + v. Let j(o) = -m(o) + 4*z(o). Let q(s) = d(s) + 5*j(s). What is q(-2)?
-12
Let b(o) = o**3 - 12*o**2 - 2*o + 9. Suppose -33*j = -40*j + 84. Calculate b(j).
-15
Let o(m) = -2*m + 10 - 7 + m - 5. What is o(-6)?
4
Let t(q) be the first derivative of -q**2/2 - 8*q - 4957. Let u be 2/7 - 116/14. Give t(u).
0
Suppose 2*n - 5*n = 12. Let p(a) = a + 1. Let c(s) = 2*s + 1. Suppose -10 = -5*g + 3*h, -5*g - h + 0*h = -10. Let z(w) = g*c(w) - 5*p(w). What is z(n)?
1
Let r(d) be the second derivative of d**6/720 + 3*d**5/40 - 4*d**4/3 - 12*d. Let b(n) be the third derivative of r(n). Let q = 0 + -4. What is b(q)?
5
Let i(v) = -v**3 - 4*v**2 - v - 1. Let b be i(-4). Let d(w) = -3*w - 499 + 243 + 253. What is d(b)?
-12
Suppose -5*f - 3*m = -117, -3*f - 7*m + 83 = -2*m. Let k(b) = -8 - 5 - 3*b + f - 2. What is k(-5)?
21
Let p(v) = -2*v**3 - 5*v**2 + 6*v. Let q(u) = -3*u**3 - 5*u**2 + 6*u. Let r(f) = -4*p(f) + 3*q(f). Let k = -11009 + 11013. Calculate r(k).
-8
Let m(i) = 3*i**3 + 3*i**2 + 12*i + 20. Let d(v) = -v**3 - v**2 - 4*v - 7. Let y(w) = 8*d(w) + 3*m(w). Determine y(-3).
-26
Let j(a) = a**3 - 4*a**2 + 3. Suppose 33*r = 30*r. Suppose -u + 2 + 3 = 0. Suppose 2*l + u*g = 4*g + 3, l - g - 9 = r. Calculate j(l).
3
Let j(d) = -d**3 + 5*d**2 + d - 1. Let q be 5 - 4/4*0/(-4). What is j(q)?
4
Let d(x) = x**2 + 4765*x + 0 + 1 - 4762*x. Calculate d(-3).
1
Let d(v) be the second derivative of 1/6*v**3 + 0 + v + 0*v**2. What is d(4)?
4
Suppose 0 = -13*f + 7 - 20. Let d(z) = 16*z + 1. What is d(f)?
-15
Let z(n) = -4*n + 2. Suppose 0*y - 5*y + 15 = 0. Suppose 12 = -4*u + y*m + 2*m, 3*u - 22 = -4*m. What is z(u)?
-6
Let x be (-3)/(-2)*-13 + (-1)/2. Let v = x - -19. Let l(h) = 13*h + 1. Determine l(v).
-12
Let v(t) = -3*t**2 + 5*t - 13. Let n(i) = 7*i**2 - 11*i + 27. Let q(g) = -8*g + 71. Let x be q(10). Let y(w) = x*v(w) - 4*n(w). Give y(0).
9
Suppose 2*a - 39 = -43. Let y(c) be the third derivative of -c**4/8 + c**3/6 - c**2. What is y(a)?
7
Let d be (-6)/12 + 1 - (-9)/6. Let v(o) = 6*o - 5. Calculate v(d).
7
Let l(a) be the second derivative of -a**4/6 - 3*a**3/2 - 4*a**2 - 8*a + 24. Determine l(-5).
-13
Let u(y) = 6*y**2 + 40*y - 46. Let i(c) = c**2 + 8*c - 9. Let m(z) = 11*i(z) - 2*u(z). Calculate m(7).
0
Suppose s - 2*n = -5, -2*s + 3*n - 4*n + 10 = 0. Let r(z) = 0 + s - 7 + z. Determine r(10).
6
Let y(t) be the second derivative of t**3/6 + 3*t**2/2 - t. Let z = 789 + -792. What is y(z)?
0
Let b(v) be the first derivative of -9*v**2/2 + 3*v + 566. What is b(5)?
-42
Suppose -x = -5*x. Let n(r) = r**3 - r**2 - r - 1. Let p(k) = -5*k**3 + 6*k**2 + 5*k + 6. Let d(q) = -6*n(q) - p(q). Determine d(x).
0
Suppose -2*b + 4*b = -4. Let l(n) = 2*n**3 + 18 - 60*n + 62*n - 20 + 3*n**2. What is l(b)?
-10
Let p(v) = -14*v - 35. Let s(o) = 47 - 115 + 56 - 5*o. Let z(j) = 6*p(j) - 17*s(j). Give z(-7).
-13
Suppose 3*k - 7*k = -12. Suppose -54*g + 57*g = -k. Let w(j) = 2*j**3 - j**2 - j. What is w(g)?
-2
Let h = 3 + 2. Suppose 3*k = b + 26 - 6, 2*b + 3*k - h = 0. Let v(q) be the third derivative of -q**6/120 - q**5/15 + q**4/8 - 7*q**3/6 + 8*q**2. Give v(b).
3
Let j(v) = 31 + 4*v**2 - 18 - 6*v**2 - 14. Suppose -2*g = 4, 6 = -2*t - 3*g + g. What is j(t)?
-3
Let s(o) = o + 6. Let i = 10 + -6. Suppose -3*u + 9 = 0, 0 = 4*a - a + i*u + 9. Determine s(a).
-1
Let l(h) = 2*h**2 + 4*h - 36. Let i be l(-5). Let y(f) = 5*f - 2. What is y(i)?
-32
Let w(j) = -j**2 - 9*j. Suppose -9*c - 62 = 28. What is w(c)?
-10
Suppose -4*z = -4*a + 24, 0 = -3*z - 4*a + 17. Let l(f) be the first derivative of -8*f**2 - f - 8. Determine l(z).
15
Let y(k) = -k**2 - 17*k - 10. Suppose 0 = n + 4, 4*n - 4 = a - 6. Give y(a).
32
Suppose o = 9 + 2. Let h(a) = -9*a - o*a - 15*a + 20*a. Suppose 5*q - 3*z = -10, -q - 3 = -4*z + 16. Calculate h(q).
-15
Let h(q) be the third derivative of -8*q**2 - 7/60*q**5 + 1/6*q**3 + 0*q + 0 + 1/3*q**4 - 1/120*q**6. What is h(-8)?
1
Let t(q) = 5 + 16 + 17 - 56 + q**2 - 7*q. What is t(9)?
0
Let j(z) = z - 2. Let w(r) = -5 + 897*r - 896*r + 3. Let f(a) = 5*j(a) - 6*w(a). Calculate f(-2).
4
Let s(v) = -2*v**2 + 8. Let g = -500 - -511. Let i be (-12)/10*10/2. Let l(q) = -q**2 + 4. Let h(x) = g*l(x) + i*s(x). Give h(0).
-4
Let j(u) = -5*u - 4. Suppose 7*d + 89 = 54. What is j(d)?
21
Let t(s) be the second derivative of s**3/3 - 6*s**2 + 2*s - 12. Calculate t(6).
0
Let x be 2/6 + (-69)/(-9). Suppose -2*m = -0 - 4. Let q = m - x. Let u(b) = -b - 4. Calculate u(q).
2
Let r(c) = -c**2 + 7*c - 2. Suppose -7*p + 8*p = 5. Let i(j) = -2*j. Let v be i(-3). Suppose -1 = -d - 4*s, 3*d + 4*s - v = p. Give r(d).
8
Let a(m) = 3*m**2 - 48*m + 9. Let t(l) = l**2 - 17*l + 3. Let c(r) = -3*a(r) + 8*t(r). Give c(10).
-23
Let q(g) be the first derivative of -g**4/12 - 3*g**3/2 - 9*g**2/2 - 3*g - 5. Let o(l) be the first derivative of q(l). Determine o(-7).
5
Let z(l) = l**2 + 3*l - 2. Let d be z(-5). Suppose -4*j + d*j - 8 = 0. Let u(q) = -q - 2 - j + 3 + 2. Calculate u(-3).
4
Suppose 19*w + 31*w - 850 = 0. Let o(i) = i**3 - 18*i**2 + 17*i - 11. Calculate o(w).
-11
Let h(i) = 6*i**3 + i**2. Suppose 5 = 5*q + 5*a, -3*q + 6*a - 8*a = -3. Determine h(q).
7
Let g(i) = 2*i + 11 - 424509*i**2 + 5*i + 424508*i**2. Suppose -5*a = 4*x - 48 - 4, 3*a = -2*x + 30. What is g(a)?
3
Let h(v) = 4*v**2 + 2*v. Let r(d) = 30*d**2 + 7*d. Let z(s) = 4*h(s) - r(s). Let j = -2 + 3. Calculate z(j).
-13
Let d = 14 - 12. Let a(g) = 1 + 5*g - 6 - 19*g**d + 20*g**2 + 0. Suppose k - 9 = 3*k + f, -5*k - 4*f = 18. Determine a(k).
1
Let n(h) be the second derivative of h**4/3 - h**3/2 + h**2/2 - 21*h. Give n(2).
11
Suppose 0 = -0*s - s. Suppose 0 = 3*c + m + 2*m - 21, 25 = 5*c + 3*m. Let f(b) = -39*b - c + 38*b - 3. What is f(s)?
-5
Let w(x) = 17*x - 10*x - 18*x**3 + 7*x**3 + 10*x**3 - 8 + 5*x**2. Determine w(6).
-2
Let a(v) = -2*v - 44. Let n(g) = -g - 24. Let r(z) = -3*a(z) + 7*n(z). Determine r(-16).
-20
Let g(i) be the first derivative of -i**4/4 - 2*i**3 - 5*i**2/2 + 276. Let t = 0 - 5. Calculate g(t).
0
Let h be 3 - (-4 + 3 - 0). Suppose 3*a + 0*a - 20 = -h*y, -2*a + 15 = 3*y. Let k(p) = -p - 13. Give k(a).
-13
Let r(k) = 11*k**2 - 18*k - 4. Let i(g) = -2*g**2 + 4*g. Let l(c) = -6*i(c) - r(c). Give l(4).
-4
Let j(s) = -3*s**3 + 37*s**2 - 12*s - 4. Let t be j(12). Let p(r) = r**2 + 7*r + 1. Determine p(t).
-11
Suppose -8*i - 331 = -355. Let s(g) = 2*g**2 - 3*g - 2. Determine s(i).
7
Let y(z) = 2*z**2 - z + 8. Let c(i) = 3*i**2 + i + 8. Let b(j) = -3*c(j) + 4*y(j). Suppose -5*g = 9 + 31. Determine b(g).
0
Let l(y) = 0 - 32*y + 28*y - 1 + 2 - 9. What is l(-5)?
12
Let i = -618 + 619. Let a(s) = 37*s**2 - 2*s + 2. Determine a(i).
37
Let i be ((-1)/2 - 1)*10240/3072. Let z(d) be the third derivative of -d**4/12 + d**3/2 - d**2. What is z(i)?
13
Let k = -588 + 590. Let v(s) = -2*s